w.
2, 7
List the prime factors of (10/6)/(1/3).
5
Suppose -4*i - 120 - 88 = -4*z, 44 = z - 3*i. Suppose x + 16 = z. List the prime factors of x.
2, 5
Let m = 9 - 2. Let a = m + -1. List the prime factors of a.
2, 3
Let d be (-54)/7 - (-12)/(-42). Let c = 13 + d. What are the prime factors of c?
5
Let z(w) = w**2 - 8*w - 6. Suppose 0 = -4*c + 3*o + 12, -5*c + 5*o = -2*c + 2. Let t be z(c). Let f = 30 + t. List the prime factors of f.
2, 3
Let y = -5 - -9. Suppose 64 = -0*z + y*z. List the prime factors of z.
2
List the prime factors of 0 + 0 - 1 - (-4 + -11).
2, 7
What are the prime factors of 1 + (6/(-9) - 0)*-42?
29
Let h(i) = i**2 + 7*i + 3. Suppose -5*g + 20 = 3*b, b - 4 = -3*g + 2*g. Suppose -4*u - 6 = 2*l, 5*u - g = 6. List the prime factors of h(l).
3
Suppose -5*f = -c + 315, -3*c + f + 0*f + 987 = 0. What are the prime factors of c?
2, 3, 5, 11
Suppose -5*s = -11 - 9. Suppose 0 = 3*l + 3*u - 6, u - 2 = -2*l - 3*u. Suppose -l*t = 6 + 3, s*t = -m - 8. What are the prime factors of m?
2
Suppose -5*h - c = -1589, -3*h + 0*c + c + 947 = 0. List the prime factors of h.
317
Let o(r) = r**3 + 5*r**2 + 3*r - 1. Let g = -14 - -20. Let i be 22/(-6) - g/(-9). List the prime factors of o(i).
2
Let p(j) = -j**2 + 7*j + 5. Let k be p(9). What are the prime factors of (1 - 0) + -3 - k?
11
Suppose 4*v = 7*v - 4*y + 47, 0 = -2*v - y - 35. Let d = 6 - v. List the prime factors of d.
23
Suppose -4*u + 156 = -2*v, 3*u - 3*v - 117 = -6. List the prime factors of u.
41
Let u = -25 - -11. Let s be (-21)/u*(-4)/(-3). Suppose -s*r - 2*r = -32. What are the prime factors of r?
2
Let b = -690 - -285. What are the prime factors of (-2)/(-11) + b/(-11)?
37
Let r = 5 - -1. Suppose -r*i = -3*i - 48. List the prime factors of i.
2
Suppose 10*s - 441 = 649. List the prime factors of s.
109
Suppose -i = 5*a - 74, 4*i = -i - 5. Suppose -2*w + w + a = 0. List the prime factors of w.
3, 5
Let n be (-8)/(-24) - 28/(-6). Suppose n*o - 3 = 4*o. What are the prime factors of o?
3
Suppose j - 2*i + 9 = 2*i, 4*i - 3 = -5*j. Let w = j - -11. List the prime factors of w.
2, 5
Let k(l) = 261*l**2 - 1. Let p be k(-1). Suppose 0 = -0*g + 4*g - p. Suppose -g = -5*j + 25. List the prime factors of j.
2, 3
Let y(x) be the second derivative of -x**6/360 - x**5/40 + x**4/6 - x. Let a(r) be the third derivative of y(r). What are the prime factors of a(-3)?
3
Let q = 41 - -61. List the prime factors of q.
2, 3, 17
Suppose -2*l - 17 + 77 = 0. Let t = l - 16. What are the prime factors of t?
2, 7
Let s(l) = 28*l + 1. Let p be s(3). Suppose 0 = -5*a, 0 = -5*b - 4*a + a + p. What are the prime factors of b?
17
Let k(l) = 3*l - 1. Let c be k(-3). List the prime factors of ((-164)/c)/((-2)/(-5)).
41
Suppose 0 = t + 5, 2*t + 127 = s + 2*s. Suppose 3*k + s = 2*b, 3*b - k + 22 = 91. What are the prime factors of b?
2, 3
Let l(f) = 4 - f**3 - 8*f + 2*f**3 - 6*f**2 + 6. Suppose -t - 3*t = -28. What are the prime factors of l(t)?
3
Let q = 1 + -9. Let j(x) = x**3 + 10*x**2 + 11*x - 3. What are the prime factors of j(q)?
37
Suppose -m - 1 + 3 = 0. Suppose m*q - 3 + 25 = 0. Let x = q + 15. List the prime factors of x.
2
Let b(s) = 15*s**2 - 4*s - 15. List the prime factors of b(-4).
241
Let q(l) be the second derivative of -1/20*l**5 - 7/12*l**4 + 7/6*l**3 + 3/2*l**2 + 0 + l. What are the prime factors of q(-8)?
11
Let x = -16 + 25. What are the prime factors of x?
3
Let a(x) = x**3 + 6*x**2 - 9*x - 2. Let l(f) = 3*f - 7. Let g be l(7). Suppose -4*n + 2*n - p = g, -5*n + 2*p - 35 = 0. List the prime factors of a(n).
2, 3
Let u = 0 + 8. Let n = u + 5. What are the prime factors of n?
13
Suppose -4*d = 4*g + 25 + 7, -5*g - d = 20. Let v(c) = -4*c - 2. List the prime factors of v(g).
2, 5
Suppose b = -5*v + 6, -2*v - 2*b + 20 = -6*b. What are the prime factors of v?
2
Suppose k = 4*g - 25, 4*k = 5*k + 1. Suppose -g + 60 = 3*a. List the prime factors of a.
2, 3
Let o(p) be the third derivative of -p**6/120 - p**5/6 + p**4/3 - p**3/3 - 7*p**2. What are the prime factors of o(-11)?
31
Let y be 3 + (4 - 3) - 28. Let h = y + 28. List the prime factors of h.
2
Suppose -4*y - 133 = -5*p - 5*y, 5*y = p - 11. Let t = -11 + p. List the prime factors of t.
3, 5
Suppose -236 = -8*c + 4*c. List the prime factors of c.
59
Let h(u) = -u**3 - 6*u**2 + 6*u - 8. Let m be h(-7). List the prime factors of 26/(-1 + 3) + m.
2, 3
Let c(t) = t**3 - 6*t**2 - 6*t - 5. Let s be c(7). Suppose -3*u = -5*r - 25, 6*u - s*u = -r + 18. What are the prime factors of u?
5
Suppose -4*d = -5*d + 3. Suppose -z = -d*z + 22. List the prime factors of z.
11
Let i = 107 + -51. What are the prime factors of i/6 - 10/(-15)?
2, 5
Let j(i) = 2*i**2 + 19*i - 9. List the prime factors of j(-13).
2, 41
Let w = 16 + -4. Let q be (-287)/(-14) + (-1)/(-2). Let a = q - w. What are the prime factors of a?
3
List the prime factors of -1 - 0 - (-229 + -2).
2, 5, 23
Suppose 4*s + 8 - 32 = 0. List the prime factors of 93/s + (-2)/4.
3, 5
List the prime factors of (-83)/(-5) + (-3)/5.
2
Let r(l) = l**2 - 11*l + 14. Let w be r(10). Suppose 5*a = 2*a + w*j + 46, 0 = 3*a + 5*j - 64. What are the prime factors of a?
2, 3
What are the prime factors of (1 - 125)*(27 + -28)?
2, 31
Suppose 0 = -2*t - 17*t + 570. List the prime factors of t.
2, 3, 5
Suppose 2 - 5 = -b. Suppose b*k - 3*t = 12, 3*k - 20 - 8 = -t. Suppose -k = 5*g + 2, 0 = 2*m - g - 12. List the prime factors of m.
5
Suppose -448 = -8*y + 680. What are the prime factors of y?
3, 47
Suppose 0 = -0*l - 4*l - 24. Let h = 8 + l. What are the prime factors of h?
2
Let j be 5/(-3)*(-21)/7. Suppose -21 = -4*g - j*a + 39, -4*g + 56 = 4*a. What are the prime factors of (-2 - (-3 - g)) + -3?
2
Let s = 48 - -15. List the prime factors of s.
3, 7
Suppose w - h = 3*w - 6, 18 = 4*w - h. Suppose 0 = -4*g - w*t + 80, -52 = 2*g - 6*g + 3*t. List the prime factors of g.
2
Suppose -3*l + 5*l = 2*a - 52, 74 = 3*a - 2*l. What are the prime factors of a?
2, 11
Suppose 0 = -2*u + 3*t + 67, u + t = -4*u + 125. Let c = u - 15. List the prime factors of c.
11
Suppose 0 = c - 0*c - 54. What are the prime factors of c?
2, 3
Let b be -8 + 2/6*3. Let i = b + 12. Let k = i + 6. What are the prime factors of k?
11
Suppose 0 = 4*z - 2*z - 138. What are the prime factors of z?
3, 23
Suppose 4 - 19 = 3*b. Let l(z) = -2*z**2 - 7*z - 2. Let c be l(b). Let t = 24 + c. What are the prime factors of t?
7
Suppose f - 3*a = 4, 0 = -5*f + 3*a - 7*a + 20. What are the prime factors of f?
2
Suppose -5*j - 114 = -694. List the prime factors of j.
2, 29
Let m(p) be the first derivative of -p**2/2 - 11*p + 2. Let g(d) = -3*d - 33. Let v(n) = -4*g(n) + 11*m(n). What are the prime factors of v(-8)?
3
Let f = -1 + -2. List the prime factors of (-348)/(-15) + f/15.
23
Suppose 0 = f - 0*f - 4. Suppose -4*g + 5*b = -17, -g - b = -2*b - f. What are the prime factors of 3*(-24)/(-27)*g?
2
Suppose 2*y - 2*d - 8 - 2 = 0, -y - 4 = 2*d. Suppose 0 = -p + 2*i + 8, y*i - 7 = -5*p + i. Let o = 9 - p. What are the prime factors of o?
7
Suppose 3*x + 2*b = 155, b - 2 = 2*b. Suppose 0 = 3*m - 4 - x. What are the prime factors of m?
19
Let o be 1/(((-3)/(-12))/1). Let r be (o*2)/(1/(-2)). Let f = r + 26. What are the prime factors of f?
2, 5
Suppose 0*c = -3*c + 21. List the prime factors of c.
7
Let c(r) = 2*r**2 + 7*r + 8. Let b be c(-5). List the prime factors of b - (1/(-1) + 2).
2, 11
Let l(g) = -g**3 - 8*g**2 - 9*g. Let o be (-11)/4*-1*8. Suppose -b = 2*b + 5*j + 31, 2*b = -4*j - o. What are the prime factors of l(b)?
2, 7
Let o be (0 + -1)*(-6 + 0). List the prime factors of (-200)/(-6) + o/9.
2, 17
Let h(o) = o**2 - 12*o - 30. List the prime factors of h(19).
103
Let g(o) = -3*o**2. Let k be g(2). Let a(j) = 7*j**2 + j. Let r be a(-1). List the prime factors of r/(-2) - (0 + k).
3
Let h(c) = c**3 - c**2 - c + 90. Let t be h(0). Suppose 3*d + 0*d = t. List the prime factors of d.
2, 3, 5
Suppose -11*c + 1333 - 112 = 0. What are the prime factors of c?
3, 37
Let j(g) be the first derivative of -3*g**2 - 12*g + 4. What are the prime factors of j(-7)?
2, 3, 5
Let j = -98 + 138. List the prime factors of j.
2, 5
Let p = 24 - -12. What are the prime factors of p?
2, 3
Suppose -2 = 2*s, -2*t = 5*s - 697 + 214. Suppose 3*c - 4*y = 155, 0 = -4*c + y - 5*y + t. What are the 